 7) + (2 - -12)).
-14
What is -11 - -19 - -5 - 4 - -11?
20
What is 182 + -160 - (3 + 15)?
4
Evaluate -1 + (-8 + 4 - (-8 - (-8 - 3))).
-8
Calculate (1 - 1) + -4 + (17 - (113 + -87)).
-13
What is -4 + (-4 - 9) - (-4 + -2 + 0)?
-11
What is -20 + (13 - 11) - (-4 - 1)?
-13
6 + (-1 - 1) + -8 + (-5 - 14)
-23
5 - (5 - -6) - (-5 + 11 + -2)
-10
Calculate -10 + 5 + 5 + 7.
7
16 + (0 - (5 + 1))
10
What is 21 + (9 + -13 - 8)?
9
What is the value of -31 + 30 + (1 - -2)?
2
What is the value of 19 + -32 + 16 + 1?
4
What is the value of -13 + (0 - 0) - 2?
-15
-4 + (7 - (-1 + -1 + 4)) + 4
5
What is 5 + -20 + -2 + (27 - 20)?
-10
Evaluate -4 + -2 - (-24 + 43 + -14).
-11
What is -8 - (-1 + 2 + -1 + -3)?
-5
-19 + 9 + 4 + -2
-8
What is the value of (29 - (70 - 33)) + 12 + -1?
3
Calculate 6 + (-20 - 1) + 2.
-13
Evaluate (4 - (-26 + 5 + 5)) + -7.
13
What is the value of 16 + (-28 - -24) + -15?
-3
What is (3 - 7) + 9 + 19 + 0 - 5?
19
Calculate 4 + 3 - (-11 + (26 - -5)).
-13
Calculate 19 - (12 + 11) - (16 + 1 + -1).
-20
Calculate -10 - -1 - (-173 + 160).
4
-76 - -85 - (7 - -9)
-7
What is 11 + -2 - ((-11 - 9) + 18)?
11
What is -42 - -14 - -45 - -12?
29
Calculate (3 - -2 - 8) + (-1 - (-14 - -6)).
4
6 + 3 + -4 - 3 - (-25 + 13)
14
What is -27 + 64 + -38 + 1 + -1?
-1
What is the value of -2 + -22 + 7 + 5?
-12
What is the value of 6 - (-426 + 431 - (1 + -19))?
-17
-8 - -1 - ((-7 - (3 - 12)) + 9)
-18
Evaluate -33 + 23 + (-6 - (-2 + 5)) - -3.
-16
What is 8 - (1 + 5 + 11)?
-9
Calculate 5 + -11 + 6 + 4 + (-22 - 1).
-19
What is -10 - (5 - 15) - (-2 + -2)?
4
What is the value of -18 + 79 + -20 + -20?
21
What is 16 - -1 - (-26 + 47)?
-4
(31 - (18 + 16 - 15)) + -12
0
Calculate 0 - (19 + (-50 - -30)).
1
What is -17 - (9 + -8 + -15)?
-3
What is 10 - 1 - ((-6 - 1) + 12 + 1)?
3
Calculate 8 + (4 + -9 - -2) + 4 + -14.
-5
Calculate -1 + 9 - (1 - (1 - 3)).
5
Evaluate -4 - (2 + -9) - (55 - 68).
16
(1 - -16) + (-34 - (-2 + -17))
2
Evaluate (34 - 0) + (76 - 92).
18
Calculate -219 - -205 - (-25 - 1).
12
What is the value of -9 + -1 + (3 - -6) + (-3 - -1)?
-3
(4 - 2) + -9 + 7 + -7 + 10
3
(-7 - -28) + -17 - -5
9
Evaluate 16 - (5 + 16 + -3).
-2
What is -5 + 0 - (2 + 0 + 10 + -23)?
6
Evaluate -7 + 1 + -2 + (1 - -3 - 4).
-8
Evaluate -15 - (3 + -18) - (6 + (1 - -1)).
-8
Calculate (10 - 11) + 12 + (3 - 0) + -2.
12
What is the value of -5 + 14 - (-3 + (2 - -7))?
3
What is 0 + -6 - (-1 - 8 - (131 + -120))?
14
Calculate -17 + 0 + 32 + 16.
31
What is the value of -7 - (-10 - -22 - -2)?
-21
What is the value of (-1 - 9 - (0 + 19 + -19)) + 27?
17
Evaluate -328 + 351 - (-1 - -3).
21
What is 1 + 3 - (-12 + 15 - -1)?
0
What is -8 + (-17 - -19 - -2)?
-4
(-6 - -1) + 14 - (2 + -2 + 18)
-9
What is (-14 - ((-1 - -1) + 1)) + 17298 + -17288?
-5
What is -8 + (1 - (15 + -16))?
-6
-4 + 3 - (336 - 346)
9
What is -11 - -6 - (0 + (-1 - 0) - 6)?
2
(4 - (22 + 3)) + 36
15
Evaluate 6 + (-380 - -363) + (2 - 1 - 0).
-10
-4 + (-9 - -7) + -17 + 4 + -1
-20
-5 - (-9 + -13 + 7 + 7)
3
Evaluate (23 - 32 - 20) + 21.
-8
(5 - 1) + 21 + -6
19
What is (11 - ((3 - 2) + 2)) + 158 + -177?
-11
Evaluate 0 + (3 - (1 - 4) - (6 + -3)).
3
Calculate 30 + (-71 - -24) + -7.
-24
Calculate (-21 - (6 + -20)) + -1.
-8
Calculate 1 - (-6 + 0) - (56 - 58).
9
What is the value of (16 - 1) + ((14 - 26) + 7 - -2)?
12
What is (478 - 468) + (0 - -3) + 3?
16
Calculate -5 + 1 - ((-9 - (4 - 5)) + 6).
-2
11 - (23 + -2 - 13)
3
Evaluate (2 - -12) + (80 - 91).
3
Evaluate 21 + -14 + -13 - (-12 + 0 + -3).
9
Calculate 5 - 3 - -7 - (10 + (-6 - 3)).
8
What is 8 - (1 - -14 - (-96 + 108))?
5
Evaluate 2 + (-15 - (2 + -9)) - (-2 + 6).
-10
6 + 1 + -33 + -9 + 0 + 1
-34
Calculate (0 - -3 - -3 - (36 - 33)) + -9.
-6
-22 + 29 + -1 + -1
5
What is -2 + -7 + (7 - 28) + 20 + -8?
-18
What is 10 + (-18 - -37 - 7)?
22
Evaluate -35 - (17 - (19 - -17)).
-16
Calculate -2 - 1 - ((3 - -12) + (-173 - -150)).
5
Calculate 5 + 0 - (-19 + 17).
7
Evaluate (33 + -57 - -43) + 9.
28
Evaluate -1 + -1 + 6 - (0 + -1 - -7).
-2
Evaluate -3 + 3 - (-3 - (-6 + 2) - -7).
-8
What is 10 - (767 + -770 - (-39 + (-2 - -1)))?
-27
Calculate (-1 - -20) + (1321 - 1355).
-15
Calculate -234 + 252 - ((0 - -1) + 5).
12
-50 + 44 - (2 + -1 - 1)
-6
(-40 - -37 - -38) + (1 + -11 - -4)
29
What is -19 - (0 + -15) - (5 - 0)?
-9
Calculate -7 + (-22 - -32 - 11 - (0 + 1)).
-9
-11 + (15 - (2 - -4)) + -5
-7
Evaluate 4 - 9 - (-10 - (-2 + 2)).
5
Evaluate -2 + 10 + -6 + -10 + 2.
-6
(4 + -5 - 6) + 1 - -1
-5
Evaluate 0 + -20 - (-10 - -6 - 5).
-11
What is the value of (-25 - -2) + (-78 - -113)?
12
What is 12 + 6 + -14 + 2 + -12?
-6
Evaluate (-8 - 17) + 18 + -9.
-16
What is -7 - (-7 - (-25 + (13 - -4)))?
-8
What is the value of -341 + 336 + -2 + (2 - -7) + 14?
16
What is 19 - 19 - (2 - -2)?
-4
0 + 15 - (6 + -17 + 15)
11
What is 2 + (-4 + (0 - -2) - 6)?
-6
What is -41 - (-19 + 47 - 49)?
-20
What is the value of -4 + 7 + -1 - 6 - (3 + -21)?
14
2 + 6 + (3 - 12) + 1 + -5
-5
-10 + 0 + 15 + -11 + -8
-14
What is -10 + 36 + -6 + (-21 + 5 - -10)?
14
Calculate -3 + 5 + -8 + (0 - 5).
-11
What is (-10 - (-39 - -22)) + -15 + 0 - 2?
-10
Evaluate 22 + -3 + 2 + -21.
0
What is (-16 + 18 + -3 - -16) + 15?
30
What is -23 - -9 - (-4 + -7)?
-3
Evaluate 54 - (14 + (-16 - (-17 + -2))).
37
What is the value of -14 - (-5 - (-4 - (11 - (8 + -3))))?
-19
What is 300 + -293 + (13 - (1 + -5))?
24
Evaluate -7 + 2 + 11 + (0 - (-2 + 11)).
-3
-1 + 11 + -15 - (5 - -4)
-14
What is the value of (-11 - 2) + (-60 + 26 - -44)?
-3
What is the value of -2 + -3 + 4 + 3 + -1 + -12?
-11
38 + 0 + -3 + -29
6
What is -8 + 0 + (-2 - -7) + (1 - 7)?
-9
Evaluate -6 + -6 + (1 - 1) + -5 - -2.
-15
Calculate -3 - (1 - 14 - -9).
1
What is (29 - (-29 - -70)) + 6?
-6
Evaluate (-2 + -14 - -17) + 25 + 9.
35
Evaluate -5 - (-11 + -1 + (6 - 2)).
3
What is -12 - -12 - (2 + 6 + (6 - 11))?
-3
Evaluate (17 + -8 - 3) + 3 + 2.
11
What is the value of -1507 - -1502 - (2 + -2)?
-5
What is 5 + (4 - (5 - (4 - 5) - 0))?
3
What is the value of (7 - (9 + (-7 - 2))) + 4?
11
What is (-39 - -12) + (14 - 0)?
-13
What is the value of -29 - (-45 - (22 + -34))?
4
30 + (0 - 21) + -22
-13
Calculate (-2 - -2 - 7) + -41 + 35.
-13
Calculate 7 + (0 + 20 + -7 + -1 - 44).
-25
(27 - 1) + (30 - 58 - -16)
14
What is 16 + (-22 - (4 + 9))?
-19
What is the value of 773 + -794 - (0 - -2 - 3 - 9)?
-11
Calculate 2 + 1 + (31 - 31) + -9.
-6
Evaluate -31 + -26 + (-9 - -37).
-29
Evaluate (-1 - -9) + 0 - (14 + 1 - 10).
3
Calculate 4 + 1 + 10 + -4 + -6 - 8.
-3
Calculate 10 + (5 - -12 - -1).
28
What is 11 + 4 + -4 + -20?
-9
Evaluate (1 - 11) + 111 + -103 - (5 - -2).
-9
Evaluate 134 + -157 + (-4 - -10).
-17
What is the value of -12 - (-11 - (11 + -19) - 1)?
-8
(16 + -8 - 23) + 7
-8
6 - ((4 - (-8 + 8)) + 11)
-9
What is -2 - -39 - 48 - -4?
-7
What is the value of -1 + 27 + -11 + 7 + -10?
12
Calculate (-26 - -2) + 16 + -4 + -20 + 1.
-31
Calculate -15 - (8 - 5 - -7 - 13).
-12
Evaluate -2 + (10 - (-4 + 0)).
12
What is the value of -32 + (22 - 29) - -10?
-29
11 + -31 + (7 - -8)
-5
Evaluate 1 + 10 + (17 - (-11 + 23)).
16
Calculate (-7 - (6 + -7)) + 2 + -9 + 30.
17
What is (-1190 - -1179) + (-9 - 1)?
-21
3 - (-19 + 17 + -6)
11
Evaluate 10 - (12 + -4 + -12 + 23).
-9
(1 - -23 - -5) + -7
22
What is (-1 + -1 - -1) + -1 + -3?
-5
Calculate -23 + (8 - -2) - -19.
6
Calculate 1 - 17 - (0 - (11 - 4)) - -6.
-3
What is (-35 - -46) + -10 + -30?
-29
What is (-1 - 0) + -53 + 31 + 27 + -22?
-18
-28 - (-14 + 25) - -64
25
-1 + 7 + (-8 - (-31 - -10)) + -15
4
Calculate 0 + -5 - ((27 - 22) + (-5 - 5)).
0
Evaluate 9 + -3 + (41 - 24).
23
What is 22 - (3 - (-21 + 8))?
6
Calculate -43 - (17 + (-14 - 10)).
-36
Calculate (-1 - (-6 - (-6 + -1))) + 1 + -6.
-7
What is -2 + 18 - (23 + (13 - 25))?
5
Evaluate -1 + 20 - (-48 + 17 - -28).
22
What is the value of -7 + (15 - (27 + 1)) + 18?
-2
What is the value of 212 - 199 - (44 + 4 - 3)?
-32
What is the value of 3 - 15 - (41 + -19)?
-34
Evaluate 21 - (-40 - (-65 + -19)).
-23
Evaluate -9 - 0 - -9 - (6 - 1).
-5
What is the value of -11 - (21 + -9 - 9 - -3)?
-17
Evaluate (-9 - (-15 - -1) - 6) + (17 - 1).
15
11 + 7 + -16 - (-4 + 31)
-25
(-1 + -1 - 10) + (-2 - 5)
-19
Calculate 0 + -3 + -8 + -4 + 26.
11
What is the value of -5 + -1 + (-55 - -58) + -1 + 18?
14
What is 2 + -11 + 19 + -9 + (-11 - -1)?
-9
What is -118 + 123 + (3 - 3) + (2 - -5)?
12
What